{"id":77,"date":"2026-08-31T17:50:45","date_gmt":"2026-08-31T22:50:45","guid":{"rendered":"https:\/\/people.brandonu.ca\/hetud\/?page_id=77"},"modified":"2026-08-31T19:15:53","modified_gmt":"2026-09-01T00:15:53","slug":"in-preparation","status":"publish","type":"page","link":"https:\/\/people.brandonu.ca\/hetud\/publications\/in-preparation\/","title":{"rendered":"In preparation"},"content":{"rendered":"<p><strong>Single-authored Manuscript (submitted)<\/strong><\/p>\n<p>2027\u00a0 \u00a0 H\u00e9tu, Dominique. <em>Faire attention: \u00e9cueils et forces du <\/em>care<em> dans la litt\u00e9rature contemporaine au Qu\u00e9bec. <\/em>Manuscript accepted in Sept. 2024 by Presses de l\u2019Universit\u00e9 de Montr\u00e9al. [under review]\n<p><strong>Edited collection <\/strong><\/p>\n<p>Sayers, Gretta, H\u00e9tu, Dominique, Majumder, Mousumi, and Laura Van Mulligen, eds. <em>The <\/em><em>Politics of Care in Higher Education Pedagogies, Communities, and Institutional Tensions<\/em>, Routledge Companion, in preparation.<\/p>\n<p><strong>Journal Issue<\/strong><\/p>\n<p>H\u00e9tu, Dominique. \u00ab\u00a0<a href=\"https:\/\/www.fabula.org\/actualites\/136092\/densites-relationnelles-imaginaires-contemporains-du-lien-dans-les-francophonies-de-l-ouest.html\">Densit\u00e9s relationnelles\u00a0: Imaginaires contemporains du lien dans les francophonies de l\u2019Ouest<\/a>\u00a0\u00bb, <em>Cahiers franco-canadiens de l\u2019Ouest, <\/em>Universit\u00e9 de St-Boniface<em>.<\/em><\/p>\n","protected":false},"excerpt":{"rendered":"<p>Single-authored Manuscript (submitted) 2027\u00a0 \u00a0 H\u00e9tu, Dominique. Faire attention: \u00e9cueils et forces du care dans la litt\u00e9rature contemporaine au Qu\u00e9bec. Manuscript accepted in Sept. 2024 by Presses de l\u2019Universit\u00e9 de Montr\u00e9al. [under review] Edited collection Sayers, Gretta, H\u00e9tu, Dominique, Majumder, Mousumi, and Laura Van Mulligen, eds. The Politics of Care in Higher Education Pedagogies, Communities, [&hellip;]<\/p>\n","protected":false},"author":146,"featured_media":0,"parent":10,"menu_order":0,"comment_status":"closed","ping_status":"closed","template":"","meta":{"footnotes":""},"class_list":["post-77","page","type-page","status-publish","hentry"],"_links":{"self":[{"href":"https:\/\/people.brandonu.ca\/hetud\/wp-json\/wp\/v2\/pages\/77","targetHints":{"allow":["GET"]}}],"collection":[{"href":"https:\/\/people.brandonu.ca\/hetud\/wp-json\/wp\/v2\/pages"}],"about":[{"href":"https:\/\/people.brandonu.ca\/hetud\/wp-json\/wp\/v2\/types\/page"}],"author":[{"embeddable":true,"href":"https:\/\/people.brandonu.ca\/hetud\/wp-json\/wp\/v2\/users\/146"}],"replies":[{"embeddable":true,"href":"https:\/\/people.brandonu.ca\/hetud\/wp-json\/wp\/v2\/comments?post=77"}],"version-history":[{"count":3,"href":"https:\/\/people.brandonu.ca\/hetud\/wp-json\/wp\/v2\/pages\/77\/revisions"}],"predecessor-version":[{"id":81,"href":"https:\/\/people.brandonu.ca\/hetud\/wp-json\/wp\/v2\/pages\/77\/revisions\/81"}],"up":[{"embeddable":true,"href":"https:\/\/people.brandonu.ca\/hetud\/wp-json\/wp\/v2\/pages\/10"}],"wp:attachment":[{"href":"https:\/\/people.brandonu.ca\/hetud\/wp-json\/wp\/v2\/media?parent=77"}],"curies":[{"name":"wp","href":"https:\/\/api.w.org\/{rel}","templated":true}]}}

<p><strong>Single-authored Manuscript (submitted)</strong></p>
<p>2027    Hétu, Dominique. <em>Faire attention: écueils et forces du </em>care<em> dans la littérature contemporaine au Québec. </em>Manuscript accepted in Sept. 2024 by Presses de l’Université de Montréal. [under review]
<p><strong>Edited collection </strong></p>
<p>Sayers, Gretta, Hétu, Dominique, Majumder, Mousumi, and Laura Van Mulligen, eds. <em>The </em><em>Politics of Care in Higher Education Pedagogies, Communities, and Institutional Tensions</em>, Routledge Companion, in preparation.</p>
<p><strong>Journal Issue</strong></p>
<p>Hétu, Dominique. « <a href="https://www.fabula.org/actualites/136092/densites-relationnelles-imaginaires-contemporains-du-lien-dans-les-francophonies-de-l-ouest.html">Densités relationnelles : Imaginaires contemporains du lien dans les francophonies de l’Ouest</a> », <em>Cahiers franco-canadiens de l’Ouest, </em>Université de St-Boniface<em>.</em></p>

<p>Single-authored Manuscript (submitted) 2027    Hétu, Dominique. Faire attention: écueils et forces du care dans la littérature contemporaine au Québec. Manuscript accepted in Sept. 2024 by Presses de l’Université de Montréal. [under review] Edited collection Sayers, Gretta, Hétu, Dominique, Majumder, Mousumi, and Laura Van Mulligen, eds. The Politics of Care in Higher Education Pedagogies, Communities, [&hellip;]</p>
