{"id":2,"date":"2013-05-07T19:22:44","date_gmt":"2013-05-07T19:22:44","guid":{"rendered":"http:\/\/people.brandonu.ca\/marshalla\/?page_id=2"},"modified":"2025-08-25T14:49:20","modified_gmt":"2025-08-25T19:49:20","slug":"sample-page","status":"publish","type":"page","link":"https:\/\/people.brandonu.ca\/marshalla\/","title":{"rendered":"Dr. Alison R. Marshall"},"content":{"rendered":"<a href=\"https:\/\/people.brandonu.ca\/marshalla\/files\/2021\/02\/marshall-headshot-copy-scaled.jpg\"><img loading=\"lazy\" decoding=\"async\" src=\"https:\/\/people.brandonu.ca\/marshalla\/files\/2021\/02\/marshall-headshot-copy-266x300.jpg\" alt=\"\" width=\"266\" height=\"300\" class=\"size-medium wp-image-86 alignright\" srcset=\"https:\/\/people.brandonu.ca\/marshalla\/files\/2021\/02\/marshall-headshot-copy-266x300.jpg 266w, https:\/\/people.brandonu.ca\/marshalla\/files\/2021\/02\/marshall-headshot-copy-907x1024.jpg 907w, https:\/\/people.brandonu.ca\/marshalla\/files\/2021\/02\/marshall-headshot-copy-768x867.jpg 768w, https:\/\/people.brandonu.ca\/marshalla\/files\/2021\/02\/marshall-headshot-copy-1360x1536.jpg 1360w, https:\/\/people.brandonu.ca\/marshalla\/files\/2021\/02\/marshall-headshot-copy-1814x2048.jpg 1814w, https:\/\/people.brandonu.ca\/marshalla\/files\/2021\/02\/marshall-headshot-copy-640x723.jpg 640w\" sizes=\"auto, (max-width: 266px) 100vw, 266px\" \/><\/a>\n<p>&nbsp;<\/p>\n<p>&nbsp;<\/p>\n<p>&nbsp;<\/p>\n<p>&nbsp;<\/p>\n<p>Dr. Alison R. Marshall teaches and researches Asian religion, migration and history at Brandon University. Marshall\u00a0studied Mandarin Chinese at Middlebury College, at Taiwan\u2019s Fu Jen University, and also for her doctorate which she earned from University of Toronto\u2019s East Asian Studies Department under the supervision of Dr. Julia Ching (Q\u00edn Ji\u0101y\u00ec \u79e6\u5bb6\u61ff) (1934 \u20132001).<\/p>\n<p>Dr. Marshall is the recipient of multiple local, national and international grants and awards, and is president of the <a href=\"https:\/\/www.cssrscer.ca\">Canadian Society for the Study of Religion, <\/a>\u00a0former co-chair of the American Academy of Religion\u2019s Religion and Migration Unit, and chairperson of the City of Winnipeg Mayor&#8217;s Multi-faith and Cultural Liaison Circle.<\/p>\n<p style=\"text-align: left\">Dr. Marshall is the author of three monographs in the field of Asian religion and history and two anthologies:<\/p>\n<p style=\"text-align: left\"><img loading=\"lazy\" decoding=\"async\" src=\"https:\/\/people.brandonu.ca\/marshalla\/files\/2013\/05\/Marshall_cover_FINAL-200x300.jpg\" alt=\"\" width=\"90\" height=\"135\" class=\"wp-image-48 alignleft\" srcset=\"https:\/\/people.brandonu.ca\/marshalla\/files\/2013\/05\/Marshall_cover_FINAL-200x300.jpg 200w, https:\/\/people.brandonu.ca\/marshalla\/files\/2013\/05\/Marshall_cover_FINAL-768x1152.jpg 768w, https:\/\/people.brandonu.ca\/marshalla\/files\/2013\/05\/Marshall_cover_FINAL-683x1024.jpg 683w, https:\/\/people.brandonu.ca\/marshalla\/files\/2013\/05\/Marshall_cover_FINAL-640x960.jpg 640w, https:\/\/people.brandonu.ca\/marshalla\/files\/2013\/05\/Marshall_cover_FINAL.jpg 900w\" sizes=\"auto, (max-width: 90px) 100vw, 90px\" \/><\/p>\n<p style=\"text-align: left\"><a href=\"https:\/\/academic.oup.com\/whq\/article\/43\/3\/359\/1918828\"><em>The Way of the Bachelor: Early Chinese Settlement in Manitoba<\/em><\/a> (UBC Press, 2011) Winner of the 2015 Canadian Society for the Study of Religion Book Prize and the <a href=\"https:\/\/www.mbarchives.ca\/mbdayaward\">Manitoba Day Award<\/a><em><\/em><\/p>\n<p style=\"text-align: left\"><img loading=\"lazy\" decoding=\"async\" src=\"https:\/\/people.brandonu.ca\/marshalla\/files\/2013\/05\/The-Making-of-Chinese-Prairie-Canada-UBC-2014-200x300.jpg\" alt=\"\" width=\"94\" height=\"141\" class=\"wp-image-49 alignleft\" srcset=\"https:\/\/people.brandonu.ca\/marshalla\/files\/2013\/05\/The-Making-of-Chinese-Prairie-Canada-UBC-2014-200x300.jpg 200w, https:\/\/people.brandonu.ca\/marshalla\/files\/2013\/05\/The-Making-of-Chinese-Prairie-Canada-UBC-2014.jpg 600w\" sizes=\"auto, (max-width: 94px) 100vw, 94px\" \/><\/p>\n<p style=\"text-align: left\"><a href=\"https:\/\/www.youtube.com\/watch?v=dfsJ_gSnIWE\"><em>Cultivating Connections: The Making of Chinese Prairie Canada<\/em><\/a> (UBC Press, 2014). \u00a0See also <a href=\"https:\/\/shepherd.com\/best-books\/to-reimagine-chinatown\">The Best Books to Reimagine Chinatown<\/a>.<\/p>\n<p style=\"text-align: left\"><img loading=\"lazy\" decoding=\"async\" src=\"https:\/\/people.brandonu.ca\/marshalla\/files\/2013\/05\/Marshall-mock-ups1_Page_1-200x300.jpg\" alt=\"\" width=\"95\" height=\"143\" class=\"wp-image-47 alignleft\" srcset=\"https:\/\/people.brandonu.ca\/marshalla\/files\/2013\/05\/Marshall-mock-ups1_Page_1-200x300.jpg 200w, https:\/\/people.brandonu.ca\/marshalla\/files\/2013\/05\/Marshall-mock-ups1_Page_1-768x1152.jpg 768w, https:\/\/people.brandonu.ca\/marshalla\/files\/2013\/05\/Marshall-mock-ups1_Page_1-683x1024.jpg 683w, https:\/\/people.brandonu.ca\/marshalla\/files\/2013\/05\/Marshall-mock-ups1_Page_1-640x960.jpg 640w, https:\/\/people.brandonu.ca\/marshalla\/files\/2013\/05\/Marshall-mock-ups1_Page_1.jpg 900w\" sizes=\"auto, (max-width: 95px) 100vw, 95px\" \/><em><\/em><\/p>\n<p style=\"text-align: left\"><a href=\"https:\/\/utorontopress.com\/9781487522506\/bayanihan-and-belonging\/\"><em>Bayanihan and Belonging: Filipinos and Religion in Canada<\/em><\/a> (University of Toronto Press, 2018). \u00a0See also: <a href=\"https:\/\/www.academia.edu\/30859184\/Stories_of_Bayanihan_and_Belonging_Filipinos_in_Manitoba_Part_2\">Stories of Bayanihan and Belonging<\/a><\/p>\n<p style=\"text-align: left\"><img loading=\"lazy\" decoding=\"async\" src=\"https:\/\/people.brandonu.ca\/marshalla\/files\/2023\/02\/9781350203853-208x300.jpg\" alt=\"\" width=\"94\" height=\"136\" class=\"wp-image-113 alignleft\" srcset=\"https:\/\/people.brandonu.ca\/marshalla\/files\/2023\/02\/9781350203853-208x300.jpg 208w, https:\/\/people.brandonu.ca\/marshalla\/files\/2023\/02\/9781350203853.jpg 360w\" sizes=\"auto, (max-width: 94px) 100vw, 94px\" \/><\/p>\n<p style=\"text-align: left\">Rubina Ramji and Alison Marshall, eds.\u00a0<a href=\"https:\/\/www.tandfonline.com\/doi\/full\/10.1080\/09637494.2023.2206720\"><em>The Handbook of Religion and Migration<\/em><\/a>\u00a0(<a href=\"https:\/\/www.bloomsbury.com\/ca\/bloomsbury-handbook-of-religion-and-migration-9781350203853\/\">Bloomsbury<\/a>, 2022) \u00a0<a href=\"https:\/\/www.brandonu.ca\/research-connection\/article\/handbook-of-religion-and-migration\/\">BU Press release<\/a>.<\/p>\n<a href=\"https:\/\/people.brandonu.ca\/marshalla\/files\/2025\/08\/81pdqEqkq-L._SY522_.jpg\"><img loading=\"lazy\" decoding=\"async\" src=\"https:\/\/people.brandonu.ca\/marshalla\/files\/2025\/08\/81pdqEqkq-L._SY522_-207x300.jpg\" alt=\"\" width=\"114\" height=\"165\" class=\" wp-image-143 alignleft\" srcset=\"https:\/\/people.brandonu.ca\/marshalla\/files\/2025\/08\/81pdqEqkq-L._SY522_-207x300.jpg 207w, https:\/\/people.brandonu.ca\/marshalla\/files\/2025\/08\/81pdqEqkq-L._SY522_.jpg 361w\" sizes=\"auto, (max-width: 114px) 100vw, 114px\" \/><\/a>\n<p>&nbsp;<\/p>\n<p>&nbsp;<\/p>\n<p>Alison Marshall, Rubina Ramji and Michael Wilkinson, <a href=\"https:\/\/www.amazon.ca\/Bloomsbury-Handbook-Religious-Ecstasy-Marshall\/dp\/1350347019\">The Bloomsbury Handbook of Religious Ecstasy<\/a> (Bloomsbury 2025) <a href=\"https:\/\/news.brandonu.ca\/2025\/07\/11\/bu-professor-publishes-groundbreaking-volume-on-religious-ecstasy\/\">BU Press Release.<\/a><\/p>\n<p>During more than 25 years of research and through multiple national and international SSHRC, CCK, Heritage Canada, and other externally funded projects as principal investigator at BU, she has trained, supervised and provided employment to dozens of research assistants.<\/p>\n<p>Dr. Marshall received the provincial <a href=\"https:\/\/www.winnipegfreepress.com\/local\/2021\/08\/03\/brandon-prof-wins-william-norrie-prize\">William Norrie Arts and Culture Award in 2021<\/a> in recognition of her longstanding volunteer &amp; academic work with the <a href=\"https:\/\/mbchamber.mb.ca\/2011\/05\/05\/brandon-university-professor-involved-in-project-to-recognize-manitobas-significant-chinese-history\/\">Chinese<\/a>, <a href=\"https:\/\/www.academia.edu\/25392091\/The_Living_and_the_Dead_an_Ethno_history_of_Islam_and_Identity_in_Winnipeg_and_Beyond_1\">Muslim<\/a>, Filipino and <a href=\"https:\/\/www.academia.edu\/26954938\/Winnipeg_Shanghai_Connection_II\">Jewish<\/a> communities.<\/p>\n<a href=\"https:\/\/people.brandonu.ca\/marshalla\/files\/2023\/02\/Turning-Red-1536x828-1.jpeg\"><img loading=\"lazy\" decoding=\"async\" src=\"https:\/\/people.brandonu.ca\/marshalla\/files\/2023\/02\/Turning-Red-1536x828-1-300x162.jpeg\" alt=\"\" width=\"300\" height=\"162\" class=\"size-medium wp-image-116 alignleft\" srcset=\"https:\/\/people.brandonu.ca\/marshalla\/files\/2023\/02\/Turning-Red-1536x828-1-300x162.jpeg 300w, https:\/\/people.brandonu.ca\/marshalla\/files\/2023\/02\/Turning-Red-1536x828-1-1024x552.jpeg 1024w, https:\/\/people.brandonu.ca\/marshalla\/files\/2023\/02\/Turning-Red-1536x828-1-768x414.jpeg 768w, https:\/\/people.brandonu.ca\/marshalla\/files\/2023\/02\/Turning-Red-1536x828-1-640x345.jpeg 640w, https:\/\/people.brandonu.ca\/marshalla\/files\/2023\/02\/Turning-Red-1536x828-1.jpeg 1536w\" sizes=\"auto, (max-width: 300px) 100vw, 300px\" \/><\/a>\n<h6>Dr. Marshall has also worked as cultural consultant for Disney and Pixar Animation Studios on the Oscar nominated film <a href=\"https:\/\/www.imdb.com\/title\/tt8097030\/\">Turning Red<\/a>. <a href=\"https:\/\/pixar.fandom.com\/wiki\/Turning_Red_Credits\">https:\/\/pixar.fandom.com\/wiki\/Turning_Red_Credits<\/a><\/h6>\n","protected":false},"excerpt":{"rendered":"<p>&nbsp; &nbsp; &nbsp; &nbsp; Dr. Alison R. Marshall teaches and researches Asian religion, migration and history at Brandon University. Marshall\u00a0studied Mandarin Chinese at Middlebury College, at Taiwan\u2019s Fu Jen University, and also for her doctorate which she earned from University of Toronto\u2019s East Asian Studies Department under the supervision of Dr. Julia Ching (Q\u00edn Ji\u0101y\u00ec [&hellip;]<\/p>\n","protected":false},"author":20,"featured_media":86,"parent":0,"menu_order":0,"comment_status":"closed","ping_status":"open","template":"","meta":{"footnotes":""},"class_list":["post-2","page","type-page","status-publish","has-post-thumbnail","hentry"],"_links":{"self":[{"href":"https:\/\/people.brandonu.ca\/marshalla\/wp-json\/wp\/v2\/pages\/2","targetHints":{"allow":["GET"]}}],"collection":[{"href":"https:\/\/people.brandonu.ca\/marshalla\/wp-json\/wp\/v2\/pages"}],"about":[{"href":"https:\/\/people.brandonu.ca\/marshalla\/wp-json\/wp\/v2\/types\/page"}],"author":[{"embeddable":true,"href":"https:\/\/people.brandonu.ca\/marshalla\/wp-json\/wp\/v2\/users\/20"}],"replies":[{"embeddable":true,"href":"https:\/\/people.brandonu.ca\/marshalla\/wp-json\/wp\/v2\/comments?post=2"}],"version-history":[{"count":66,"href":"https:\/\/people.brandonu.ca\/marshalla\/wp-json\/wp\/v2\/pages\/2\/revisions"}],"predecessor-version":[{"id":145,"href":"https:\/\/people.brandonu.ca\/marshalla\/wp-json\/wp\/v2\/pages\/2\/revisions\/145"}],"wp:featuredmedia":[{"embeddable":true,"href":"https:\/\/people.brandonu.ca\/marshalla\/wp-json\/wp\/v2\/media\/86"}],"wp:attachment":[{"href":"https:\/\/people.brandonu.ca\/marshalla\/wp-json\/wp\/v2\/media?parent=2"}],"curies":[{"name":"wp","href":"https:\/\/api.w.org\/{rel}","templated":true}]}}